s -21 + 28a1e?
289fd
In base 3, what is 2 + -101001121111002221?
-101001121111002212
In base 11, what is -14 + -27662243?
-27662257
In base 11, what is -2690619 - 4?
-2690622
In base 12, what is -1ab59a1 - -3?
-1ab599a
In base 9, what is -131840621 - -2?
-131840618
In base 10, what is 55469422 + -10?
55469412
In base 3, what is 100212 - -20211022?
21012011
In base 9, what is -17368708 - -2?
-17368706
In base 5, what is 130431 + 12031244?
12212230
In base 5, what is 34204334 + -22?
34204312
In base 4, what is -2300033300320 + 3?
-2300033300311
In base 4, what is 102 - 230221012?
-230220310
In base 3, what is 12200102 + 201122101?
221022210
In base 11, what is 3 + -16921813?
-16921810
In base 8, what is -37566565 + -4?
-37566571
In base 6, what is 154341 - -45204?
243545
In base 10, what is -3097 - 392?
-3489
In base 15, what is 1d46e - -1cd?
1d64c
In base 9, what is -7 + 11663331?
11663323
In base 6, what is 0 + 12122310?
12122310
In base 16, what is -18806856 + 0?
-18806856
In base 4, what is 21112302121022 + 2?
21112302121030
In base 11, what is -64249 + -175?
-64413
In base 8, what is 1 - 242206?
-242205
In base 16, what is 1ec - 1377?
-118b
In base 8, what is 5 - 10726264?
-10726257
In base 10, what is -126 + 103780?
103654
In base 3, what is 1010020210 + 201212110?
1212010020
In base 9, what is 43745110 + -24?
43745075
In base 11, what is -103 - -31a708?
31a605
In base 6, what is 1132 + -140015?
-134443
In base 5, what is 34444021041 - -4?
34444021100
In base 8, what is -720 + 41347?
40427
In base 16, what is -1 + 7acac61?
7acac60
In base 2, what is 110011001011 - -101001011001?
1011100100100
In base 3, what is 101120111000 - 10111000?
101110000000
In base 7, what is 6 - -4220620?
4220626
In base 15, what is 1 - -12de989?
12de98a
In base 15, what is -a3e010c + 5?
-a3e0107
In base 9, what is -25 + 45214?
45178
In base 9, what is 72 + -387544?
-387462
In base 12, what is 0 - 2b0640?
-2b0640
In base 12, what is -95246 + -31?
-95277
In base 9, what is 14535200 + 2?
14535202
In base 16, what is 1 + -1775fe?
-1775fd
In base 10, what is -20273937 + -11?
-20273948
In base 6, what is 0 + -4325403?
-4325403
In base 13, what is -1649 + -69?
-16b5
In base 16, what is 3 - -14494?
14497
In base 16, what is e - 481c80?
-481c72
In base 5, what is -11000313333 + -30?
-11000313413
In base 12, what is -236 + 10b3b7?
10b181
In base 4, what is -10020331 + -11202?
-10032133
In base 5, what is -43123133 - 102?
-43123240
In base 9, what is -70 + -355178?
-355258
In base 13, what is -16875 - 27?
-1689c
In base 13, what is -114 + 42a289?
42a175
In base 4, what is -2212000122 + 223?
-2211333233
In base 11, what is -19170119 - -2?
-19170117
In base 16, what is 11422e - -2f?
11425d
In base 9, what is 48174875 + 8?
48174884
In base 4, what is 10 - -111331232231?
111331232301
In base 6, what is -11443412425 + 3?
-11443412422
In base 8, what is -4 + -2044705423?
-2044705427
In base 16, what is -8 - -310992?
31098a
In base 10, what is 141664 - -1248?
142912
In base 2, what is -101 - -1011010000011100101011?
1011010000011100100110
In base 10, what is -46 + 112433?
112387
In base 5, what is 14 - 304041221?
-304041202
In base 7, what is -21403 + 5150?
-13223
In base 9, what is 37163 - 53351?
-15177
In base 14, what is -97b5d24 + -1?
-97b5d25
In base 15, what is -3bbbc62 + -1?
-3bbbc63
In base 11, what is -48 - 746a92?
-74702a
In base 8, what is 134437554 - 17?
134437535
In base 8, what is 10 + 1422736?
1422746
In base 5, what is 4022232011 - 3?
4022232003
In base 3, what is -1200001 - -1220022200?
1211122122
In base 16, what is -174c3f3 + -9?
-174c3fc
In base 3, what is -20 - -2221020201121?
2221020201101
In base 3, what is 1222 + 21020021222221?
21020022001220
In base 9, what is 2454051 + -2?
2454048
In base 12, what is 14420 + 22a?
1464a
In base 10, what is 2073 + -48276?
-46203
In base 5, what is -100 - 21442422?
-21443022
In base 16, what is 2f73d4 - 1b?
2f73b9
In base 7, what is 363436 - -1446?
365215
In base 7, what is 0 - -20431113?
20431113
In base 10, what is 0 - 3465361?
-3465361
In base 16, what is -fa2da - -1c?
-fa2be
In base 13, what is 142 - 2990b?
-29799
In base 14, what is 3 + 2285cb2?
2285cb5
In base 13, what is -5c - 262c?
-268b
In base 6, what is -312321 - -454?
-311423
In base 6, what is -24202241 + -34?
-24202315
In base 10, what is -9661761 + 8?
-9661753
In base 12, what is 2a - 29176a4?
-2917676
In base 12, what is -1 + 5457828?
5457827
In base 5, what is -2114 - 1034433?
-1042102
In base 14, what is 23c75 + -22c?
23a47
In base 7, what is 222104131 - -15?
222104146
In base 16, what is -e73 + -8a4?
-1717
In base 4, what is 303 - -210122211?
210123120
In base 13, what is -515098b - -6?
-5150985
In base 7, what is 441332136 + -4?
441332132
In base 12, what is 2a13 - 969?
2066
In base 4, what is -210121200133 - 11?
-210121200210
In base 4, what is -2101 - 233112102?
-233120203
In base 4, what is 103220 - -230320220?
231030100
In base 11, what is 5 + 975819?
975823
In base 12, what is 2b4a86693 - -3?
2b4a86696
In base 13, what is -74953 - -3338?
-71618
In base 6, what is -3 - -2333232552?
2333232545
In base 3, what is -10 + 11010121201200011?
11010121201200001
In base 11, what is 358 - 84467?
-8410a
In base 16, what is -5 - 208274?
-208279
In base 8, what is -6446516 - 21?
-6446537
In base 14, what is -d13 - -dd?
-c14
In base 3, what is 111200021121022 + -1?
111200021121021
In base 8, what is 71536 - 23117?
46417
In base 10, what is 7603 - -7005?
14608
In base 5, what is 10023 - -44224?
104302
In base 8, what is -25124 - 1216?
-26342
In base 5, what is 4 - -32104333323?
32104333332
In base 16, what is 248f2 + -d4?
2481e
In base 5, what is -1011324200 + 2334?
-1011321311
In base 8, what is 170355 + -144?
170211
In base 3, what is 100012120202222101 - 10?
100012120202222021
In base 13, what is 463 - 21162?
-209cc
In base 9, what is -18 + -115073?
-115102
In base 2, what is 11 - -1000000010100111000001101000?
1000000010100111000001101011
In base 8, what is 1 + 61750245?
61750246
In base 3, what is -1120022120200 - -100?
-1120022120100
In base 12, what is -42125901 + 3?
-421258ba
In base 9, what is -582 - -371762?
371170
In base 14, what is 1a1a47d - -1?
1a1a480
In base 4, what is 2200232313 - -10000?
2200302313
In base 6, what is -33 - -3125111?
3125034
In base 13, what is 7cc31697 + 0?
7cc31697
In base 3, what is 12 - 1020020112000?
-1020020111211
In base 3, what is 11011111011 + 2021201?
11020202212
In base 4, what is 10211120220232 - -11?
10211120220303
In base 11, what is -6 + 29078aa?
29078a4
In base 12, what is 0 + -7a93850?
-7a93850
In base 5, what is 112021233 + -2324?
112013404
In base 6, what is -30240 + -45505?
-120145
In base 16, what is -5d4b - 542?
-628d
In base 8, what is 102462554 + -2?
102462552
In base 10, what is 39879451 + -2?
39879449
In base 12, what is -10 + -68945?
-68955
In base 10, what is 58 + -823672?
-823614
In base 8, what is 657 - 175?
462
In base 12, what is 2 + 3770a8?
3770aa
In base 4, what is -1213 - -12000302033?
12000300220
In base 8, what is -512431 - 411?
-513042
In base 10, what is 388 + 5969?
6357
In base 8, what is 10 + -244742?
-244732
In base 5, what is 43101 - -12313213?
12411314
In base 2, what is 100011 - -1101101110?
1110010001
In base 11, what is -17 - -241644?
241628
In base 15, what is 76 - -231d?
2394
In base 16, what is -2 - 44ec21?
-44ec23
In base 8, what is -37217452 - 32?
-37217504
In base 9, what is -28124 - 25?
-28150
In base 13, what is -329 + 793?
467
In base 6, what is 243 - -415405?
420052
In base 8, what is 31122432 - -1?
31122433
In base 3, what is 2 + -1010202111002212211?
-1010202111002212202
In base 8, what is -703 + 5061?
4156
In base 7, what is -22545402 - 64?
-22545466
In base 6, what is 110 + -254151240?
-254151130
In base 6, what is -40035 - -3443?
-32152
In base 3, what is -1002010 + -100022012021?
-100100021101
In base 7, what is -343626153 - -5?
-343626145
In base 9, what is 784 + 5138?
6033
In base 16, what is -7baac5 + 8?
-7baabd
In base 15, what is 3bb + bed?
10b9
In base 12, what is 43 + -1ba3b?
-1b9b8
In base 11, what is -52 - 383638?
-38368a
In base 15, what is c5e853 - 4?
c5e84e
In base 12, what is -53323 + -271?
-53594
In base 15, what is aac09 - -1?
aac0a
In base 8, what i